 What is the tens digit of f?
2
Let k = 130 - 124. Suppose -5 + 1 = z. What is the units digit of z + 20/k*3?
6
Suppose -6*t - 3 = -5*t. Let c be (-4)/12*t*-20. Let s = c - -93. What is the tens digit of s?
7
Let c = 8 - -22. Suppose -38*s = -43*s. Suppose -2*d + 3*p = d - 60, s = 2*d + 3*p - c. What is the tens digit of d?
1
Let a = 6336 + -2712. What is the hundreds digit of a?
6
Suppose 4*t - 38 = 2*l, l + 15 = -2*l. Suppose 0 = t*j - 118 - 218. What is the tens digit of j?
4
Let l(i) = -i - 1. Let a be l(-1). Let d(w) = w**3 + 1. Let z be d(a). Let y(s) = 8*s**2. What is the units digit of y(z)?
8
Suppose 5*o = 5*a + 40, -4*o + a + a + 26 = 0. Suppose -r = o*p - 31, 3*p + r - 20 = -r. What is the tens digit of (-18*p)/4*-1?
2
Let n = -696 + 414. Let r = -84 - n. What is the tens digit of r?
9
Let t(p) = p + 4. Let x = -9 + 47. Suppose -3*f = 2*i - 5, -3*i + f = 14 - x. What is the tens digit of t(i)?
1
Let n = -570 - -2147. What is the tens digit of n?
7
Let o be 3 + -1 + (2 - 2). What is the units digit of (4 + -6 - o) + 47?
3
Let r = 764 + -54. What is the hundreds digit of r?
7
Let y = 6 + 0. Suppose -2*c = -0*c - y. Suppose 9 = m - c. What is the units digit of m?
2
Let a be ((-10)/(-3))/(8/132). What is the tens digit of a*(-1)/2*2/(-1)?
5
Let c(w) = -3*w + 7. Let t(x) = -30*x + 69. Let h(z) = 21*c(z) - 2*t(z). Let r be h(-3). Suppose -r = 2*y - 4*y. What is the units digit of y?
9
Suppose 0*j = 3*j + 4*b + 78, 3 = b. Let t be j/(-6)*(-74)/(-5). Suppose 2 = -2*r + t. What is the units digit of r?
6
What is the tens digit of -2*(-1 + 176)*-2?
0
Let j(w) = -3*w - 19. Let h(g) = g - 1. Let b(q) = -4*h(q) - j(q). Suppose -2*m = -c - 32 + 3, -3*c - 48 = -3*m. What is the tens digit of b(m)?
1
Let j = -45 + 13. Let w(o) = 11*o + 3. Let h be w(-2). Let x = h - j. What is the units digit of x?
3
Suppose -3*n - 4*q + 128 = -20, 52 = n + 2*q. What is the hundreds digit of (-1)/(n/(-5024)) + (-2)/11?
1
Suppose 5*z - 9 = 11. Suppose -2*t - z*t = -48. What is the units digit of t?
8
Suppose 0 = 4*r - 14 - 2. What is the units digit of 6 + r + -4 + 0?
6
Let n(f) = 2*f + 7. Let v be n(-5). What is the tens digit of 6 + -2 - (v - 32)?
3
Suppose -4*r + 3*l + 7 = 3, 0 = -3*r - 3*l + 24. Suppose -9 = -i + 3*a, -2*i = -4*a - 10 - r. What is the units digit of (i/6)/((-3)/(-6))?
1
Let w(r) be the third derivative of 3*r**2 + 1/2*r**3 + 0 + 0*r - 1/12*r**4. What is the units digit of w(-9)?
1
Let n be 4/1 - -3 - 2. Suppose 0*u = -5*h + u + n, 4*u - 18 = h. Suppose k = -h*k + 114. What is the tens digit of k?
3
Let h be 616/(-99) + (-4)/(-18). What is the tens digit of ((-54)/8)/(h/80)?
9
Suppose -5*c = 20, 4*c - 2 = -z - 16. Suppose 2*g + z*p = p - 1, -4*p - 1 = 5*g. What is the units digit of 13 - 6*g/(-2)?
0
What is the hundreds digit of (1/2)/(((-14)/(-2))/8666)?
6
Let r = -1236 - -3405. What is the units digit of r?
9
Suppose -26*k = -28*k + 1228. What is the tens digit of k?
1
What is the tens digit of (-26610)/(-42) + 24/(-42)?
3
Let i be (-3 - 1/(2/(-14))) + -1. Suppose -6*q = i*j - 2*q - 294, 2*q = j - 88. What is the tens digit of j?
9
Let k = 73 + -67. Suppose 2*o = -k + 18. What is the units digit of o?
6
Suppose -u - 1706 = -n - 2*n, n + 4*u = 573. Let c = n - 248. What is the hundreds digit of c?
3
Let p be (-45)/(-12) - (-3)/(-4). Suppose -3*n - 2*i + p = 1, -2*n + 4*i = -28. Suppose -3*w - h = -75, n*w - 5*h + 9 = 109. What is the units digit of w?
5
Suppose 4*n - 9554 = 18*k - 16*k, 4*n = 5*k + 9569. What is the hundreds digit of n?
3
Let i(s) = -2*s**3 + 20*s**2 + 13*s + 5. Let b be i(9). Let t = b - 63. What is the hundreds digit of t?
2
Suppose 0*m - 3*m = -9. Let b = 34 + 12. Suppose m*r - b = -10. What is the units digit of r?
2
Suppose -3*l + 2*h + 1162 = 0, -30 = -2*l - 5*h + 732. What is the tens digit of l?
8
Suppose -11*y = -15*y + 8. Suppose 0 = -3*o + y*l + 190, l + 3*l = 3*o - 188. What is the tens digit of o?
6
Suppose -3 - 1 = 2*r, 4742 = 4*w - 3*r. What is the tens digit of w?
8
Suppose 120 = -3*h - 657. Let d = -155 - h. What is the tens digit of d?
0
Suppose 1382 + 1228 = 10*u. What is the hundreds digit of u?
2
Let y(z) = -20*z**2 - z - 1. Let h be y(-1). Suppose -3*w - 4*q - 9 = -q, -2*q - 10 = 4*w. What is the units digit of (-3)/(w*(-2)/h)?
5
Suppose -5*a = -2*a - 111. Suppose 4*k - 4*g + 7 = -a, 7 = -k + 2*g. What is the tens digit of (96/(-30))/(3/k)?
1
Let y(a) = -10*a - 3*a - 7 - 17 + 0*a. What is the hundreds digit of y(-12)?
1
Suppose -57*f - 12206 + 48401 = 0. What is the tens digit of f?
3
Let z = -14 - -17. Let r(p) = -p - p**2 + 3 + 3*p**z - 4*p**3 - 4. What is the units digit of r(-3)?
0
Let c = 5 + -6. Let s be 1 - 4 - (c + 0). What is the tens digit of ((-65)/(-10))/((-1)/s)?
1
Let f = 13 - 19. Let t = -4 - f. Suppose 5*g + t*m = 134, 8 = 2*m + 2*m. What is the units digit of g?
6
Let o(m) = -34*m**3 + 5*m**2 + 8*m + 9. Let g be o(-4). Suppose 2*p = -5*p + g. What is the tens digit of p?
1
Suppose -2*x - 3*i = 28, -44 = 3*x + i + 4*i. Let w = -2 - x. Let n(j) = 3*j - 6. What is the units digit of n(w)?
2
Let m(d) = 13*d - 28. Suppose -17*j = -6*j - 88. What is the units digit of m(j)?
6
Let r = 66 + 2422. What is the tens digit of r?
8
Let p(t) = 4*t**2 - 3*t - 4. Let r be p(-8). Suppose 4*u = 4*o - r, -o - 3*o = 5*u - 321. What is the tens digit of o?
7
Suppose -6 = -3*u - 0. Suppose u*s + s = 81. Let j = s - 15. What is the units digit of j?
2
Suppose -p - 2 = 0, 2*r - 3*p = 7*r - 1899. What is the tens digit of r?
8
Let v(r) = -7*r + 12. Suppose 15 = 3*f + 3. Let c be v(f). What is the units digit of (-260)/c - 2/8?
6
Suppose 3*l + l + 128 = 0. Let j be (-74)/4 + 1/(-2) + 1. Let m = j - l. What is the units digit of m?
4
What is the hundreds digit of (((-1422)/(-8))/3)/(15/120)?
4
Suppose -5*v + 21 = -29. Suppose -3 = -5*p - j, v*j + 14 = 4*p + 5*j. What is the tens digit of (-3 + 17)/p - 3?
1
Let v be ((-6)/(-2))/(15/35). Let m be (-100 + v)*(-1)/(-3). What is the units digit of (-18)/12 - m/2?
4
Let f = 178 + -80. Let g = -52 + f. Let u = g - 29. What is the tens digit of u?
1
Let z = 2104 + -1231. What is the hundreds digit of z?
8
Suppose -5*g + h + 3805 = 0, -4*h - 37 = -17. What is the hundreds digit of g?
7
Let y = -131 - -55. Let u = -73 - y. What is the units digit of u?
3
Suppose 2*t - 16 = -2. Let u(b) = 9*b + 8. What is the tens digit of u(t)?
7
Let i = 11 - 4. Suppose 4*p + 7 = 2*r - i, 5*r = -3*p - 4. What is the tens digit of (-76)/p - 16/(-24)?
2
Suppose -2*n + 116*j = 119*j - 9741, -5*n - 2*j = -24336. What is the units digit of n?
6
Suppose -2*n - 818 = -4*h, 4*n + 308 + 293 = 3*h. Suppose -12*m + 9*m = -h. What is the tens digit of m?
6
Suppose 0 = 4*a + 3*j - 779, 2*a - j = 339 + 38. What is the hundreds digit of a?
1
Let x be 9/27 - (-14)/3. Suppose x = -5*v - 0*v. What is the units digit of 2 + (0/v)/(-2)?
2
Suppose 3264 = 19*l - 7*l. What is the hundreds digit of l?
2
Let v be 25 - (-1 + 2 + (-8)/2). Let g(c) = -c**2 + 32*c + 25. What is the tens digit of g(v)?
3
Let g(h) = -42*h**2 + 3*h + 2. Let f = 4 - 7. Let v(c) = 42*c**2 - 4*c - 3. Let x(y) = f*v(y) - 4*g(y). What is the tens digit of x(1)?
4
Suppose 16 = -304*p + 308*p. Let k(g) be the first derivative of g**4/4 - g**3/3 + 3*g + 2. What is the tens digit of k(p)?
5
Let m = -47 + 44. What is the tens digit of (-245)/m - 6/(-18)?
8
Let m(c) = 140*c**2 - 3*c + 2. Let i be m(2). Let b be 1/(-4) - i/16. What is the tens digit of (14/b)/(2/(-110))?
2
Let y be 2*(3 + 9/(-6)). Suppose -o = y - 40. Let u = o + -16. What is the tens digit of u?
2
Suppose 83 = -4*v - 5*c + 6*c, -4*v - 86 = -2*c. What is the units digit of (-1136)/v + (-6)/(-30)?
7
Let q(n) = -1 + 4*n - 5 - 2*n. Let a = 20 + -11. What is the units digit of q(a)?
2
Let b = -1175 + 1994. What is the hundreds digit of b?
8
Suppose 0 = 17*w - 6*w - 18909. What is the tens digit of w?
1
Suppose 3614 = 3*n + 4*o, -5*n + o + 6443 = 458. What is the hundreds digit of n?
1
Let h(z) = 53*z**2 - 15*z - 12. What is the hundreds digit of h(-5)?
3
Let a(y) = -67*y - 1. Let t be a(-3). Let o = -37 - -174. Let s = t - o. What is the units digit of s?
3
What is the thousands digit of (1 + 5/(-3))*12798/(-4)?
2
Let p(j) = -14*j + 101. What is the hundreds digit of p(-32)?
5
Let r =